se -3*f + 5*y = -57, 4*y + 3 = -9. Calculate the remainder when (-6 - -4)*(-82)/4 is divided by f.
13
Let k be 2*(1 - (0 + 2)). What is the remainder when 21 is divided by (-2)/k - 50/(-5)?
10
Suppose -86 = -5*z + 599. Calculate the remainder when z is divided by 23.
22
Let q = 4 + -2. Suppose -q - 6 = -j. Suppose 5*g - 35 - 35 = 0. Calculate the remainder when g is divided by j.
6
Let c be -2 + 0 + (13 - 0). Let v = 16 + c. Calculate the remainder when v is divided by 7.
6
Suppose 16 = -5*i + 81. Calculate the remainder when i is divided by (-7)/(-1) - (-4 - -4).
6
Calculate the remainder when 50 is divided by ((-45)/12 + 4)*(-3 - -71).
16
Let q(n) = 8*n - 8. Calculate the remainder when q(6) is divided by 23.
17
Suppose -5*o - 87 = 83. Let x = -1 + o. Let d = -13 - x. What is the remainder when d is divided by 8?
6
Suppose -5*o - 29 + 89 = 0. What is the remainder when 22 is divided by o?
10
Let s = 3 - -2. Suppose -s - 19 = -4*k. What is the remainder when 16 is divided by k?
4
Suppose 4*z + 6 - 50 = 0. Suppose -5*d - z = 4*u + 1, d = u - 6. Calculate the remainder when (-1)/((-2 + 0)/4) is divided by u.
0
Let y be 3/(10/16 - 1). Let f = y + 13. Calculate the remainder when 14 is divided by f.
4
Suppose -4*n + 4 = 5*o, -5*o + 4 = 3*n - 4. What is the remainder when 24 is divided by o?
0
Let x = -7 - -19. Calculate the remainder when x is divided by 7.
5
Let c = -18 + 36. Suppose 0*u - 2*u = -c. What is the remainder when 31 is divided by 105/u - (-4)/(-6)?
9
Suppose h = i - 9 - 3, 3*i = 5*h + 36. What is the remainder when 45 is divided by i?
9
Let z(q) = -20*q**3 - q**2 - 2*q - 1. Let w be z(-1). Suppose b + w = 6*b. Suppose 3 = -2*p + 15. Calculate the remainder when p is divided by b.
2
Suppose -27*z = -22*z - 70. Calculate the remainder when 82 is divided by z.
12
Suppose -3*n = -4*n + 26. What is the remainder when n is divided by 7?
5
Suppose 3*b = 75 + 48. Suppose o - 3*k - 11 = -0*o, 0 = 3*o - 5*k - 33. Calculate the remainder when b is divided by o.
8
Let b(p) = -4 - 6*p + 1 + 7*p. Calculate the remainder when 16 is divided by b(9).
4
Let t be -6 - 1 - (3 + -4). Calculate the remainder when 45 is divided by ((-48)/18)/(1/t).
13
Suppose 3*d - 29 = -q, -2*q - 4*d = 2*q - 84. Let l(k) = -3*k**3 - 3*k**2 + 3*k + 3. Calculate the remainder when l(-3) is divided by q.
14
Suppose 5*m - 8 = -2*o, 20 = 3*m - 3*o + 8*o. Let x(q) = 2*q + 0 + 3 - 3*q + m*q. What is the remainder when 14 is divided by x(-5)?
6
Let r(d) = -d + 9. Let v be r(7). Suppose 0 = -v*b + 7 + 7. What is the remainder when b is divided by 3?
1
Suppose 0 = 5*a - 3*a. Suppose a = -0*w + 5*w - 4*o - 53, 3*o = w - 4. Calculate the remainder when w is divided by 4.
1
Let h = -119 + 75. Calculate the remainder when (h/10)/((-10)/25) is divided by 4.
3
Let y = 16 + -8. Let j = 13 - y. Suppose 35 = -0*g + j*g. What is the remainder when 26 is divided by g?
5
Suppose 0 = p - 3*y - 25, -4*p + 3*y - 4*y + 87 = 0. Calculate the remainder when p is divided by 13.
9
Suppose 6*b + 38 = 8*b. Calculate the remainder when b is divided by 7.
5
Suppose 7*n + 65 - 387 = 0. Calculate the remainder when 175 is divided by n.
37
Suppose 3*p - 5*y = -7, 4*p - y = 4*y - 6. Let m(x) = -1 - 3*x - 2 - p - 2*x. What is the remainder when 47 is divided by m(-4)?
15
Suppose 0 = -4*x - 2*j + 26, -2*j = -3*x + 2*x + 14. What is the remainder when 22 is divided by x?
6
Suppose -4*f = -o - 99, -2*f + 0*f + 5*o = -63. Calculate the remainder when 166 is divided by f.
22
Let o(b) = -13*b**3 + 5*b**2 + 4*b - 1. What is the remainder when 129 is divided by o(-1)?
12
Let p(r) = r**3 - r**2 - 3*r + 3. Let g be p(2). Suppose 5*w - 64 = g. Let u(j) = 26*j - 1. What is the remainder when u(1) is divided by w?
12
Let y be -14*(-7)/2*-1. Let s be (-1)/(-2) - y/14. Suppose s*z - 70 = -2*a - 0*a, -2*z = 5*a - 31. What is the remainder when 52 is divided by z?
16
What is the remainder when (-2)/(-4)*-6 - -29 is divided by 14?
12
Suppose -4*u = 4*z - 420, -3*z + 3*u + 97 = -2*z. Calculate the remainder when z is divided by 35.
33
Suppose -15 + 6 = -3*a. What is the remainder when 13 is divided by a?
1
Let y = 183 - 125. Calculate the remainder when y is divided by 20.
18
Suppose 4*y = g - 7, 0 = -8*g + 3*g + 3*y + 18. Calculate the remainder when g is divided by 2.
1
Let k be 4/14 - 152/(-56). Suppose k*u - 2*g - 75 = 0, -15 = -2*u + u + 4*g. Calculate the remainder when 107 is divided by u.
26
Let b(p) = 2*p + 4. Let i be b(-14). Let r = -3 - i. What is the remainder when r is divided by 11?
10
Suppose -5*d + 2*g + 28 = 0, -2*d + 2*g + 13 + 3 = 0. Calculate the remainder when 6 is divided by d.
2
Let w = -164 + 165. Calculate the remainder when 2 is divided by w.
0
Let d(m) be the second derivative of 5*m**3/6 + 3*m**2/2 + m. What is the remainder when d(3) is divided by 10?
8
Suppose 0 = -7*y + 126 - 28. Calculate the remainder when 66 is divided by y.
10
Suppose 2*x - 37 = 55. Suppose -114 + x = -4*i. Calculate the remainder when 32 is divided by i.
15
Let j = 11 + -7. Suppose 4*v = -j*o + 48, 2*o - 3 = v - 2*o. What is the remainder when 33 is divided by v?
6
Calculate the remainder when 63 is divided by (11/3 + -1)/(4/24).
15
Let c(j) = 4*j - 2 - 5*j + 1. Let n be c(-1). Suppose 4*h = -5*s + 94, n = 5*s - 7 - 3. Calculate the remainder when 62 is divided by h.
20
Let v be ((-1)/2)/(2/(-40)). Let p = v - 4. What is the remainder when 11 is divided by p?
5
Suppose -2*g + 23 = 3*h, -3*g - 2*h = -13 - 14. Let k(t) = -t**3 + 7*t**2 + 2*t - 1. Let f = 7 + -2. What is the remainder when k(g) is divided by f?
3
Suppose 17 + 4 = 3*b. Suppose 13 = 3*c + 5*d - 0*d, -3*d = -4*c + 56. Suppose j = -u + c, 5*u = u + 5*j + 53. What is the remainder when u is divided by b?
5
Let p be 1*(-3 + -2 + 4). Calculate the remainder when (3 - 38)*(p + 0) is divided by 12.
11
Let x = 9 + -16. Let c(h) = h**2 + 3*h - 5. Let a(z) = 3*z**2 + 10*z - 15. Let w(u) = -2*a(u) + 7*c(u). What is the remainder when w(x) is divided by 13?
11
Let f = -108 - -121. What is the remainder when f is divided by 7?
6
Calculate the remainder when 49 is divided by ((-4)/(-2))/(8/76).
11
Suppose -4*y + 4 = -4*b, -3*y - 5*b - 34 + 5 = 0. What is the remainder when (-1 - 1) + 82 + y is divided by 20?
17
Suppose 2*q - c = -32, 4*q - c + 57 + 5 = 0. Calculate the remainder when (2 - q/(-3)) + 38 is divided by 12.
11
Let b(t) = -t**2 + 2*t + 21. What is the remainder when 40 is divided by b(0)?
19
Let p(q) = q**2 + 9*q + 7. Calculate the remainder when 88 is divided by p(-9).
4
Suppose 0*m = 3*m + 3*k - 105, 0 = -3*m - 4*k + 101. Let t = 101 + -87. What is the remainder when m is divided by t?
11
Let a = 378 + -588. Let n be ((-4)/(-6))/((-5)/a). Let l = n + -15. Calculate the remainder when l is divided by 7.
6
Suppose 0 = 3*d + n - 3, -5*d + 4*n = -2*d - 3. Suppose 0*b + 24 = 3*b. Let h = d + b. Calculate the remainder when 17 is divided by h.
8
Let c be 114/22 + 4/(-22). Let u = c - 8. Calculate the remainder when (-2)/u*(-1 + 58) is divided by 13.
12
Let o be -12*8/(-6) - 0. Let s = o - 23. What is the remainder when (-2)/s + 388/14 is divided by 10?
8
Suppose -5*x + 297 = -83. Suppose 11 = -5*l + 141. What is the remainder when x is divided by l?
24
Suppose 5*i = -5, 5*i + 132 = 3*z + 25. Suppose 6 = 6*s - 30. Suppose -36 = 3*f - s*f. What is the remainder when z is divided by f?
10
Suppose 0 = -9*s + 5*s + 92. What is the remainder when 90 is divided by s?
21
Calculate the remainder when (-112)/(-3) + (-28)/84 is divided by 13.
11
Let m = 11 + -5. Calculate the remainder when m is divided by 2.
0
Let n(l) = l**3 + 4*l**2 - 1. Let x be n(-3). Suppose 0 = -4*t + 36 + x. Suppose -4*v = v - 160. What is the remainder when v is divided by t?
10
Let i = -2 + 7. Calculate the remainder when 13 is divided by i.
3
Let j = -24 - -40. Calculate the remainder when 684/15 + 4/10 is divided by j.
14
Suppose c - 8 = 18. What is the remainder when 129 is divided by c?
25
Let b = -33 + 16. Let q = -11 - b. Let h(x) = -x + 7. Calculate the remainder when h(q) is divided by 1.
0
Let g = 81 - 52. Calculate the remainder when g is divided by 8.
5
Let g(q) = -2 + 3*q + 3 + 1 + 2. What is the remainder when 87 is divided by g(6)?
21
Suppose -2*k - 2*r + 64 = 0, k - 52 = -0*k - 5*r. W